{"id":67,"date":"2025-09-23T19:07:25","date_gmt":"2025-09-23T17:07:25","guid":{"rendered":"https:\/\/uaqradio.live\/semidesierto\/?page_id=67"},"modified":"2025-10-21T21:11:08","modified_gmt":"2025-10-21T19:11:08","slug":"about-us","status":"publish","type":"page","link":"https:\/\/uaqradio.live\/semidesierto\/about-us\/","title":{"rendered":"Nuestra voz \/ Nuestra dimensi\u00f3n"},"content":{"rendered":"\t\t<div data-elementor-type=\"wp-page\" data-elementor-id=\"67\" class=\"elementor elementor-67\" data-elementor-post-type=\"page\">\n\t\t\t\t<div class=\"elementor-element elementor-element-4e2d6cc2 e-flex e-con-boxed elementor-invisible e-con e-parent\" data-id=\"4e2d6cc2\" data-element_type=\"container\" data-settings=\"{&quot;animation&quot;:&quot;fadeIn&quot;}\">\n\t\t\t\t\t<div class=\"e-con-inner\">\n\t\t\t\t<div class=\"elementor-element elementor-element-38b0c2f7 elementor-widget elementor-widget-flex-hero\" data-id=\"38b0c2f7\" data-element_type=\"widget\" data-settings=\"{&quot;image_shape&quot;:&quot;rounded&quot;,&quot;layout_image_position_tablet&quot;:&quot;end&quot;,&quot;layout_preset&quot;:&quot;showcase&quot;,&quot;layout_column_structure&quot;:&quot;50-50&quot;,&quot;layout_image_position&quot;:&quot;end&quot;,&quot;primary_button_shape&quot;:&quot;default&quot;,&quot;box_shape&quot;:&quot;sharp&quot;}\" data-widget_type=\"flex-hero.default\">\n\t\t\t\t<div class=\"elementor-widget-container\">\n\t\t\t\t\t\t\t<div class=\"has-shape-sharp shape-type-box has-column-structure-50-50  ehp-flex-hero has-layout-preset-showcase has-image-position-end has-image-position-md-end\">\n\t\t\t\t\t\t<div class=\"ehp-flex-hero__overlay\"><\/div>\n\t\t\t<div class=\"ehp-flex-hero__content-container\">\n\t\t\t\t<h2 class=\"ehp-flex-hero__heading\">\u00bfQuienes somos?<\/h2><h3 class=\"ehp-flex-hero__subheading\">UAQ Radio Semidesierto es la nueva dimensi\u00f3n de la radio universitaria en Quer\u00e9taro. Somos un espacio que conecta a la comunidad del semidesierto con m\u00fasica, cultura, noticias y entretenimiento. Desde lo digital y lo presencial, buscamos acompa\u00f1ar, crear comunidad y dar voz a las realidades que nos atraviesan.<\/h3>\t\t\t<div class=\"ehp-flex-hero__ctas-container\">\n\t\t\t\t\t\t\t\t\t\t\t<\/div>\n\t\t\t\t\t<\/div>\n\t\t\t\t<div class=\"ehp-flex-hero__image-wrapper\">\n\t\t\t\t\t<div class=\"ehp-image ehp-flex-hero__image-container\">\n\t\t\t\t<img decoding=\"async\" class=\"ehp-image__img ehp-flex-hero__img has-shape-rounded shape-type-image\" src=\"https:\/\/uaqradio.live\/semidesierto\/wp-content\/uploads\/2025\/09\/ChatGPT-Image-29-sept-2025-10_28_15-a.m.jpg\" title=\"ChatGPT-Image-29-sept-2025,-10_28_15-a.m.\" alt=\"ChatGPT-Image-29-sept-2025,-10_28_15-a.m.\" loading=\"lazy\" \/>\t\t\t<\/div>\n\t\t\t\t\t<\/div>\n\t\t\t\t<\/div>\n\t\t\t\t\t\t<\/div>\n\t\t\t\t<\/div>\n\t\t\t\t\t<\/div>\n\t\t\t\t<\/div>\n\t\t<div class=\"elementor-element elementor-element-23caa001 e-flex e-con-boxed elementor-invisible e-con e-parent\" data-id=\"23caa001\" data-element_type=\"container\" data-settings=\"{&quot;animation&quot;:&quot;fadeIn&quot;}\">\n\t\t\t\t\t<div class=\"e-con-inner\">\n\t\t<div class=\"elementor-element elementor-element-5ee39a3f e-con-full e-flex e-con e-child\" data-id=\"5ee39a3f\" data-element_type=\"container\" data-settings=\"{&quot;background_background&quot;:&quot;classic&quot;}\">\n\t\t\t\t<div class=\"elementor-element elementor-element-73aa9ccd elementor-widget elementor-widget-counter\" data-id=\"73aa9ccd\" data-element_type=\"widget\" data-widget_type=\"counter.default\">\n\t\t\t\t\t\t\t<div class=\"elementor-counter\">\n\t\t\t<div class=\"elementor-counter-title\">Convertion Rates<\/div>\t\t\t<div class=\"elementor-counter-number-wrapper\">\n\t\t\t\t<span class=\"elementor-counter-number-prefix\">G<\/span>\n\t\t\t\t<span class=\"elementor-counter-number\" data-duration=\"3000\" data-to-value=\"0\" data-from-value=\"3\" data-delimiter=\",\">3<\/span>\n\t\t\t\t<span class=\"elementor-counter-number-suffix\"><\/span>\n\t\t\t<\/div>\n\t\t<\/div>\n\t\t\t\t\t\t<\/div>\n\t\t\t\t<\/div>\n\t\t<div class=\"elementor-element elementor-element-d0a55ce e-con-full e-flex e-con e-child\" data-id=\"d0a55ce\" data-element_type=\"container\">\n\t\t\t\t<div class=\"elementor-element elementor-element-46ac795d elementor-widget elementor-widget-image\" data-id=\"46ac795d\" data-element_type=\"widget\" data-widget_type=\"image.default\">\n\t\t\t\t\t\t\t\t\t\t\t\t\t\t\t<img fetchpriority=\"high\" decoding=\"async\" width=\"800\" height=\"534\" src=\"https:\/\/uaqradio.live\/semidesierto\/wp-content\/uploads\/2025\/09\/ChatGPT-Image-29-sept-2025-10_38_00-a.m-1024x683.jpg\" class=\"attachment-large size-large wp-image-227\" alt=\"\" srcset=\"https:\/\/uaqradio.live\/semidesierto\/wp-content\/uploads\/2025\/09\/ChatGPT-Image-29-sept-2025-10_38_00-a.m-1024x683.jpg 1024w, https:\/\/uaqradio.live\/semidesierto\/wp-content\/uploads\/2025\/09\/ChatGPT-Image-29-sept-2025-10_38_00-a.m-300x200.jpg 300w, https:\/\/uaqradio.live\/semidesierto\/wp-content\/uploads\/2025\/09\/ChatGPT-Image-29-sept-2025-10_38_00-a.m-768x512.jpg 768w, https:\/\/uaqradio.live\/semidesierto\/wp-content\/uploads\/2025\/09\/ChatGPT-Image-29-sept-2025-10_38_00-a.m.jpg 1536w\" sizes=\"(max-width: 800px) 100vw, 800px\" \/>\t\t\t\t\t\t\t\t\t\t\t\t\t\t\t<\/div>\n\t\t\t\t<\/div>\n\t\t<div class=\"elementor-element elementor-element-1d765709 e-con-full e-flex e-con e-child\" data-id=\"1d765709\" data-element_type=\"container\">\n\t\t\t\t<div class=\"elementor-element elementor-element-39ade322 elementor-widget elementor-widget-heading\" data-id=\"39ade322\" data-element_type=\"widget\" data-widget_type=\"heading.default\">\n\t\t\t\t\t<h2 class=\"elementor-heading-title elementor-size-default\">Misi\u00f3n<\/h2>\t\t\t\t<\/div>\n\t\t\t\t<div class=\"elementor-element elementor-element-7cf764ef elementor-widget elementor-widget-text-editor\" data-id=\"7cf764ef\" data-element_type=\"widget\" data-widget_type=\"text-editor.default\">\n\t\t\t\t\t\t\t\t\t<p>Inspirar y vincular a las y los j\u00f3venes del semidesierto mediante una radio multiplataforma que combine m\u00fasica, conversaci\u00f3n y contenido cultural. Queremos ser un espacio abierto donde se compartan ideas, se fortalezca la identidad regional y se impulse la participaci\u00f3n activa de la comunidad universitaria.<\/p>\t\t\t\t\t\t\t\t<\/div>\n\t\t\t\t<\/div>\n\t\t<div class=\"elementor-element elementor-element-1d1acab3 e-con-full e-flex e-con e-child\" data-id=\"1d1acab3\" data-element_type=\"container\">\n\t\t\t\t<div class=\"elementor-element elementor-element-320d8f5a elementor-widget elementor-widget-image\" data-id=\"320d8f5a\" data-element_type=\"widget\" data-widget_type=\"image.default\">\n\t\t\t\t\t\t\t\t\t\t\t\t\t\t\t<img decoding=\"async\" width=\"800\" height=\"534\" src=\"https:\/\/uaqradio.live\/semidesierto\/wp-content\/uploads\/2025\/09\/ChatGPT-Image-29-sept-2025-11_09_08-a.m-1024x683.jpg\" class=\"attachment-large size-large wp-image-240\" alt=\"\" srcset=\"https:\/\/uaqradio.live\/semidesierto\/wp-content\/uploads\/2025\/09\/ChatGPT-Image-29-sept-2025-11_09_08-a.m-1024x683.jpg 1024w, https:\/\/uaqradio.live\/semidesierto\/wp-content\/uploads\/2025\/09\/ChatGPT-Image-29-sept-2025-11_09_08-a.m-300x200.jpg 300w, https:\/\/uaqradio.live\/semidesierto\/wp-content\/uploads\/2025\/09\/ChatGPT-Image-29-sept-2025-11_09_08-a.m-768x512.jpg 768w, https:\/\/uaqradio.live\/semidesierto\/wp-content\/uploads\/2025\/09\/ChatGPT-Image-29-sept-2025-11_09_08-a.m.jpg 1536w\" sizes=\"(max-width: 800px) 100vw, 800px\" \/>\t\t\t\t\t\t\t\t\t\t\t\t\t\t\t<\/div>\n\t\t\t\t<\/div>\n\t\t<div class=\"elementor-element elementor-element-2c1e0e36 e-con-full e-flex e-con e-child\" data-id=\"2c1e0e36\" data-element_type=\"container\">\n\t\t\t\t<div class=\"elementor-element elementor-element-27beb2ba elementor-widget elementor-widget-heading\" data-id=\"27beb2ba\" data-element_type=\"widget\" data-widget_type=\"heading.default\">\n\t\t\t\t\t<h2 class=\"elementor-heading-title elementor-size-default\">Vision<\/h2>\t\t\t\t<\/div>\n\t\t\t\t<div class=\"elementor-element elementor-element-b5ae5 elementor-widget elementor-widget-text-editor\" data-id=\"b5ae5\" data-element_type=\"widget\" data-widget_type=\"text-editor.default\">\n\t\t\t\t\t\t\t\t\t<p data-start=\"715\" data-end=\"939\">Convertirnos en un referente de innovaci\u00f3n y cercan\u00eda en la radio universitaria: un medio que trascienda el aula, transforme la manera de hacer radio y sea motor cultural y social en el semidesierto queretano.<\/p>\t\t\t\t\t\t\t\t<\/div>\n\t\t\t\t<\/div>\n\t\t<div class=\"elementor-element elementor-element-4d1712bb e-con-full e-flex e-con e-child\" data-id=\"4d1712bb\" data-element_type=\"container\" data-settings=\"{&quot;background_background&quot;:&quot;classic&quot;}\">\n\t\t\t\t<div class=\"elementor-element elementor-element-37171272 elementor-widget elementor-widget-counter\" data-id=\"37171272\" data-element_type=\"widget\" data-widget_type=\"counter.default\">\n\t\t\t\t\t\t\t<div class=\"elementor-counter\">\n\t\t\t<div class=\"elementor-counter-title\">Client Satisfaction<\/div>\t\t\t<div class=\"elementor-counter-number-wrapper\">\n\t\t\t\t<span class=\"elementor-counter-number-prefix\"><\/span>\n\t\t\t\t<span class=\"elementor-counter-number\" data-duration=\"807\" data-to-value=\"100\" data-from-value=\"0\" data-delimiter=\",\">0<\/span>\n\t\t\t\t<span class=\"elementor-counter-number-suffix\">%<\/span>\n\t\t\t<\/div>\n\t\t<\/div>\n\t\t\t\t\t\t<\/div>\n\t\t\t\t<\/div>\n\t\t\t\t\t<\/div>\n\t\t\t\t<\/div>\n\t\t<div class=\"elementor-element elementor-element-64f797e6 e-flex e-con-boxed elementor-invisible e-con e-parent\" data-id=\"64f797e6\" data-element_type=\"container\" data-settings=\"{&quot;animation&quot;:&quot;fadeIn&quot;}\">\n\t\t\t\t\t<div class=\"e-con-inner\">\n\t\t<div class=\"elementor-element elementor-element-26674385 e-con-full e-flex e-con e-child\" data-id=\"26674385\" data-element_type=\"container\">\n\t\t\t\t<div class=\"elementor-element elementor-element-6752b183 elementor-widget elementor-widget-image\" data-id=\"6752b183\" data-element_type=\"widget\" data-widget_type=\"image.default\">\n\t\t\t\t\t\t\t\t\t\t\t\t\t\t\t<img decoding=\"async\" width=\"800\" height=\"534\" src=\"https:\/\/uaqradio.live\/semidesierto\/wp-content\/uploads\/2025\/09\/dj-mixer-with-headphones-2025-03-23-21-43-32-utc-1024x683.jpg\" class=\"attachment-large size-large wp-image-245\" alt=\"\" srcset=\"https:\/\/uaqradio.live\/semidesierto\/wp-content\/uploads\/2025\/09\/dj-mixer-with-headphones-2025-03-23-21-43-32-utc-1024x683.jpg 1024w, https:\/\/uaqradio.live\/semidesierto\/wp-content\/uploads\/2025\/09\/dj-mixer-with-headphones-2025-03-23-21-43-32-utc-300x200.jpg 300w, https:\/\/uaqradio.live\/semidesierto\/wp-content\/uploads\/2025\/09\/dj-mixer-with-headphones-2025-03-23-21-43-32-utc-768x512.jpg 768w, https:\/\/uaqradio.live\/semidesierto\/wp-content\/uploads\/2025\/09\/dj-mixer-with-headphones-2025-03-23-21-43-32-utc-1536x1024.jpg 1536w, https:\/\/uaqradio.live\/semidesierto\/wp-content\/uploads\/2025\/09\/dj-mixer-with-headphones-2025-03-23-21-43-32-utc-2048x1365.jpg 2048w\" sizes=\"(max-width: 800px) 100vw, 800px\" \/>\t\t\t\t\t\t\t\t\t\t\t\t\t\t\t<\/div>\n\t\t\t\t<\/div>\n\t\t<div class=\"elementor-element elementor-element-13940276 e-con-full e-flex e-con e-child\" data-id=\"13940276\" data-element_type=\"container\">\n\t\t\t\t<div class=\"elementor-element elementor-element-7279e18d elementor-widget elementor-widget-heading\" data-id=\"7279e18d\" data-element_type=\"widget\" data-widget_type=\"heading.default\">\n\t\t\t\t\t<h3 class=\"elementor-heading-title elementor-size-default\">LA NUEVA DIMENSI\u00d3N<br>DE LA RADIO<\/h3>\t\t\t\t<\/div>\n\t\t\t\t<\/div>\n\t\t\t\t\t<\/div>\n\t\t\t\t<\/div>\n\t\t\t\t<\/div>\n\t\t","protected":false},"excerpt":{"rendered":"<p>\u00bfQuienes somos? UAQ Radio Semidesierto es la nueva dimensi\u00f3n de la radio universitaria en Quer\u00e9taro. Somos un espacio que conecta a la comunidad del semidesierto con m\u00fasica, cultura, noticias y entretenimiento. Desde lo digital y lo presencial, buscamos acompa\u00f1ar, crear comunidad y dar voz a las realidades que nos atraviesan. Convertion Rates G 3 Misi\u00f3n [&hellip;]<\/p>\n","protected":false},"author":1,"featured_media":0,"parent":0,"menu_order":0,"comment_status":"closed","ping_status":"closed","template":"elementor_header_footer","meta":{"inline_featured_image":false,"episode_type":"","audio_file":"","cover_image":"","cover_image_id":"","duration":"","filesize":"","date_recorded":"","explicit":"","block":"","itunes_episode_number":"","itunes_title":"","itunes_season_number":"","itunes_episode_type":"","filesize_raw":"","footnotes":""},"class_list":["post-67","page","type-page","status-publish","hentry"],"_links":{"self":[{"href":"https:\/\/uaqradio.live\/semidesierto\/wp-json\/wp\/v2\/pages\/67","targetHints":{"allow":["GET"]}}],"collection":[{"href":"https:\/\/uaqradio.live\/semidesierto\/wp-json\/wp\/v2\/pages"}],"about":[{"href":"https:\/\/uaqradio.live\/semidesierto\/wp-json\/wp\/v2\/types\/page"}],"author":[{"embeddable":true,"href":"https:\/\/uaqradio.live\/semidesierto\/wp-json\/wp\/v2\/users\/1"}],"replies":[{"embeddable":true,"href":"https:\/\/uaqradio.live\/semidesierto\/wp-json\/wp\/v2\/comments?post=67"}],"version-history":[{"count":38,"href":"https:\/\/uaqradio.live\/semidesierto\/wp-json\/wp\/v2\/pages\/67\/revisions"}],"predecessor-version":[{"id":767,"href":"https:\/\/uaqradio.live\/semidesierto\/wp-json\/wp\/v2\/pages\/67\/revisions\/767"}],"wp:attachment":[{"href":"https:\/\/uaqradio.live\/semidesierto\/wp-json\/wp\/v2\/media?parent=67"}],"curies":[{"name":"wp","href":"https:\/\/api.w.org\/{rel}","templated":true}]}}